 -24320 + 51400. What is the ten thousands digit of d?
2
Let c(x) = 14*x**2 - 110*x - 6725. What is the hundreds digit of c(-43)?
8
Suppose 8*k - 3*k + 2104 = -4*l, -1555 = 3*l - 2*k. Let i = 455 - l. What is the tens digit of i?
7
What is the ten thousands digit of -13641*(-2 - 0) + (-10)/50*-20?
2
Let h = -2986 + 7030. What is the thousands digit of h?
4
What is the thousands digit of (1086/(-9))/(16/(-6216)*7)?
6
Let m(d) = -d**3 + 12*d**2 - 10*d - 7. Let n be m(11). Suppose -4*g = -2*z - 26, 5*z + n*g = -29 - 78. What is the tens digit of 2/(1 + 17/z)?
1
Let o = 587 + -589. What is the hundreds digit of (-2395)/o + (-8 - 136/(-16))?
1
Suppose 1189 = -3*j - 2*g, 12*j - 9*j + 3*g = -1194. Let s = 822 + j. What is the tens digit of s?
2
Suppose -i - 357 = 5*k, k = i - k + 350. Let r = 494 + i. What is the units digit of r?
2
Let b(g) = 3*g**2 - 40*g - 768. What is the thousands digit of b(59)?
7
Let t(x) = 86*x**2 + 2*x + 1. Suppose 0 = 5*y - 0 - 20, 17 = 3*q + 5*y. Let w be t(q). Suppose 179 + w = 4*v. What is the tens digit of v?
6
Let y = -996 - -5060. What is the tens digit of y?
6
Suppose -49*y = -348926 - 245346. What is the tens digit of y?
2
Let t(w) = 73*w**3 - 3*w**2 - 32*w - 69. What is the ten thousands digit of t(7)?
2
Let r = -24 + 27. Suppose 5*d - 35 = 5*s, 0 = 2*s - r*d + 6 + 11. What is the tens digit of s/6 - (-1052)/12?
8
Let w = 44539 + -29560. What is the hundreds digit of w?
9
Let w be (-4)/18 + -51*(-856)/108. Suppose -w = -g + 125. What is the units digit of g?
9
Suppose -2*l + 172 = 4*t, 3*t = 5*l + 153 - 37. Let v(p) = -p**3 + 8*p**2 + 14*p + 17. Let x be v(9). Let a = x - t. What is the tens digit of a?
2
Let o be 9/(-12) + (0 - 648/32). What is the thousands digit of o/(-14) + -2 - (-5066)/4?
1
Let g = 6177 - 3178. Suppose 11*p = g - 535. What is the units digit of p?
4
Let n(d) = 8*d**2 - 2*d - 4. Let p = 48 + -55. Let x be (-8)/(-16)*(p + 1). What is the tens digit of n(x)?
7
Suppose -462343 + 197913 = -159*o + 843482. What is the tens digit of o?
6
Suppose 0 = -4*q - g + 44, 0 + 8 = -q - 5*g. Suppose -q*p + 1475 = -11*p + 2*f, 2*f + 2980 = 2*p. What is the tens digit of p?
8
Let k(r) = r**3 + 15*r**2 - 33*r + 14. Let s be k(-17). Suppose -4*l - 20 = 4*g, -g + 3*l + 7 = 7*l. What is the hundreds digit of (-1)/s - 1194/g?
1
Let w(l) = 49*l + 86. Let u = 153 + -149. What is the tens digit of w(u)?
8
Let g = -134634 - -189255. What is the tens digit of g?
2
Let d = 184 + -80. Let c = 104 - d. What is the tens digit of (-13 - -2)*-13 - (-2 - c)?
4
Let v(f) = 33 - 22 - 8 + 38 + 89*f. Let p(c) = -11*c - 5. Let q(j) = 51*p(j) + 6*v(j). What is the tens digit of q(-4)?
9
Let u(f) = 27*f + 77. Suppose -3*i = 7 - 28. What is the units digit of u(i)?
6
Let u(l) = 4*l**2 - 2*l + 2. Let i be u(2). Suppose i*b = 16*b + 96. What is the hundreds digit of (1664/b)/((-2)/6)?
1
Let j(q) = q**3 + 2*q**2 - 3*q - 1. Suppose 2*o - 1 = -3, 0 = -k + 5*o + 8. Suppose -11 - 23 = -5*s + k*g, 9 = -3*g. What is the units digit of j(s)?
9
Suppose -4*l + 193 = 4*b + 997, -2*b + 578 = -3*l. Let o = 340 + l. Suppose o = p - 28. What is the hundreds digit of p?
1
Let c(g) = 127*g**2 + 9*g + 10. Let b(k) = 64*k**2 + 5*k + 5. Let d(t) = -7*b(t) + 4*c(t). Let p be d(-2). Let w = p + -165. What is the tens digit of w?
7
Suppose 25*l + 216 = 28*l. Let h = 618 - l. What is the hundreds digit of h?
5
Let g(t) = 3*t**2 - 5*t - 2. Suppose 4*i = 5*i + 5*n + 30, 0 = 3*i - 4*n - 5. What is the units digit of g(i)?
8
Suppose 207 = 3*s + 6*h - 9*h, -s = 3*h - 49. Let q = 60 - s. What is the units digit of 41*2/(-2 - q)?
1
Let h be -12*(-4 - -3) - -1. Let n = -123 - -113. Let t = n + h. What is the units digit of t?
3
Let p(o) = o**3 - o**2 + o - 1. Let m be p(1). Let i be (-6 - -8)*1 + -1 + 3. Suppose -a + 2 = -m*a, a + 110 = i*r. What is the units digit of r?
8
Let c(i) = -195*i - 1236. What is the tens digit of c(-53)?
9
Let u be (15/10)/((-7)/(-42)). Suppose 0 = u*f - 5*f - 980. What is the tens digit of f?
4
Suppose -39743 = -4*h - 3*q, -9*q - 49702 = -5*h - 5*q. What is the units digit of h?
8
Suppose -9986620 = -368*j - 2895996. What is the units digit of j?
8
Let l = 6055 - 3097. What is the units digit of l?
8
Suppose -321*c + 326*c = o - 603, -2*o + 3*c = -1255. What is the units digit of o?
8
Let y = 746 + -361. Suppose 5*q + 155 = -a + 1160, -y = -2*q + 3*a. What is the units digit of q?
0
Let w = 13 - -8. Let j be 5*((-7)/w - (-29)/15). What is the units digit of (-2 - -7)/20 - (-30)/j?
4
Suppose 247*j - 264682 = 225*j. What is the units digit of j?
1
Let x = 510 - 871. Let a = -252 - x. Let c = -93 + a. What is the tens digit of c?
1
Let a(h) = 71 + 20*h - 31 - 19 + 55 + 337. What is the hundreds digit of a(0)?
4
What is the hundreds digit of ((-184630)/70 + 13)/((-4)/42)?
5
Let y(d) = 110*d**3 - d**2 - 5*d + 313. What is the hundreds digit of y(8)?
5
Let k = -170 - -181. Let z(d) = d**3 - 6*d**2 + 13*d - 20. What is the tens digit of z(k)?
2
Let u be (6/21 - 6590/35)*-2. Suppose -1996 + u = -10*p. Let d = p - 60. What is the hundreds digit of d?
1
Suppose -6*v - 8 = 4. Let s be (76 + 3)/(-1) - v/2. What is the hundreds digit of s/65*(-350)/3?
1
What is the units digit of -6 - (-1736 - (0 - -13))?
3
Let x be 3 + (14/5)/((-4)/(-10)). What is the units digit of (75/(-30))/((-1)/x)?
5
Suppose -24*b + 527618 = 190514. What is the tens digit of b?
4
Suppose -8*c + 11375 + 10825 = 0. Suppose -11*a = -c - 3341. What is the hundreds digit of a?
5
Let h = -134 - -134. Suppose h = -9*p - 158 + 905. What is the units digit of p?
3
Let w = 104 - 101. Suppose z - 84 = 3*j - 0*j, w*j - 330 = -5*z. Let r = 136 - z. What is the tens digit of r?
6
Let n(s) = 7*s**3 - 7*s**2 - 11*s + 16. Let p be n(5). Suppose 2*y - 2*f = 580, 2*y + 4*f = p - 51. What is the hundreds digit of y?
2
Let k = -40757 + 60004. What is the tens digit of k?
4
Suppose -23*a - 162 = -21*a. Suppose -82 = 2*t + 4*h, -2*t + 3*h - 11 - 71 = 0. Let p = t - a. What is the units digit of p?
0
Let q = 4023 - 3268. What is the hundreds digit of q?
7
Let n be (24/18 + -2)/(1/(-192)). Suppose -75 = -n*z + 125*z. Let y = 140 - z. What is the tens digit of y?
1
Suppose -4*g = -0*g - 2*f - 34, 5*f - 47 = -2*g. Suppose -4*a + 2*q = -266, -4*q + 273 = 4*a - g. What is the units digit of a?
8
Let l be (-6456)/(-30) - (-2)/(-10) - 4. Suppose 215*c - l*c - 3448 = 0. What is the tens digit of c?
6
Let h(q) = q**2 + 8*q - 16. Let f be h(-10). Suppose f*l - 1040 = -2*v, -2*l - 4*v + v = -516. Suppose -2*i + l = i. What is the tens digit of i?
8
Let m(u) = -12*u**3 - 2*u**2 + 5*u + 6. Let i be m(-2). Let y be 10/(-4)*i/(-10). Suppose 19*o - y*o + 114 = 0. What is the tens digit of o?
5
Suppose 106*o - 101*o - 465 = -5*p, -5*o = -2*p - 486. What is the units digit of o?
6
Suppose 11*v - 1915 = 1891. Suppose -y + v = -146. What is the hundreds digit of y?
4
Let s be (-4)/(-15)*5/2*24. Suppose -s = -2*w + 4*w. Let c(l) = -l**3 - 6*l**2 + 8*l - 15. What is the tens digit of c(w)?
4
Let i be -3 + 12/5 - 56/(-10). Suppose 4*m - 1215 = -i*m. Suppose -13*v = -4*v - m. What is the units digit of v?
5
Suppose 2*p - l - 29917 = 12692, p - 21304 = l. What is the units digit of p?
5
Let c(h) = 2*h - 16. Let q be c(12). Let k be q*2 + 2/(-1). Suppose -k*i - 435 = -19*i. What is the tens digit of i?
8
Let l = 1578 + 4657. What is the hundreds digit of l?
2
Let k be (1/(-3))/(-4 - 275/(-69)). Suppose 22*b - 17*b - k = 4*n, -3*n = 4*b - 37. What is the units digit of b?
7
Let k = -80 - -86. Let c be (2/k)/(13/117) + 6921. What is the hundreds digit of (-2)/6 + c/36?
1
Let o be (-35 - -733) + 0 + 7. Let b = 1263 - o. What is the hundreds digit of b?
5
Suppose -12 = 2*a + 4*l, 21 = 3*a + a - l. Suppose 5*w = -a*u + 710, -9*u + 4*u - 25 = 0. What is the tens digit of w?
4
Let r(u) = -u**3 + 9*u**2 - 8*u - 4. Suppose 4*b = -5*b + 36. Suppose -b*p - p + 7 = y, -5*y + 35 = -3*p. What is the units digit of r(y)?
8
Let v = -4354 + 7882. What is the tens digit of v?
2
Suppose -3*x + 15 = 4*c, 0 = -c - 14*x + 17*x - 15. What is the tens digit of -15*(1737/(-15) - c)?
3
Suppose -3*m + j - 18360 = -54284, 0 = m - j - 11972. What is the thousands digit of m?
1
Let x = 47 - 43. Suppose 0 - 9 = 2*z - 3*g, 0 = -z + g - x. Let o(p) = -p**3 + 